{"id":41,"date":"2022-07-09T15:39:56","date_gmt":"2022-07-09T13:39:56","guid":{"rendered":"http:\/\/website.mahlzeitendienst-bo.de\/?page_id=41"},"modified":"2024-06-20T17:28:03","modified_gmt":"2024-06-20T15:28:03","slug":"zusatzleistungen","status":"publish","type":"page","link":"https:\/\/mahlzeitendienst-bo.de\/mahlzeitendienst\/zusatzleistungen\/","title":{"rendered":"Zusatzleistungen"},"content":{"rendered":"<div  data-label=\"Pricing\" data-id=\"pricing--1\" data-export-id=\"pricing-1\" data-category=\"pricing\" data-featured-class=\"pricing-featured\" class=\"pricing-1 content-section content-section-spacing\" id=\"pricing-1\" style=\"background-color: rgb(255, 255, 255);\"><div  class=\"gridContainer\"> <div  class=\"row\"><div  data-type=\"column\" class=\"section-title-col\">  <p  class=\"lead\" style=\"text-align: justify;\"><span  style=\"font-family: &quot;Open Sans&quot;, arial, helvetica, sans-serif; font-weight: 400;\">Gutes Brot wird aus guten Rohstoffen hergestellt. Aus diesem Grund haben wir uns dazu entschlossen, gemeinsam mit der B\u00e4ckerei\/Konditorei Wickenburg, einem traditionellen Familienbetrieb aus Bochum, zusammenzuarbeiten. Sie haben die M\u00f6glichkeit, t\u00e4glich zu Ihrer Men\u00fclieferung, frische Backwaren wie Brot, Br\u00f6tchen oder Kuchen zu bestellen. Unsere Men\u00fcboten \u00fcberreichen Ihnen gerne ein Bestellformular.<\/span><\/p><\/div> <\/div> <div  data-type=\"row\" class=\"row spaced-cols\"> <div  class=\"col-xs-12 col-sm-6 text-center col-md-6 \"> <div  class=\"card shadow-small rounded\" data-default=\"shadow-small\" data-featured=\"shadow-large\" data-type=\"column\"> <h3  class=\"font-300 upper\"><span  style=\"font-family: &quot;Open Sans&quot;, arial, helvetica, sans-serif;\">Brot &amp; Br\u00f6tchen<\/span><\/h3> <h3  class=\"h1\"><span  style=\"font-family: &quot;Open Sans&quot;, arial, helvetica, sans-serif;\">ab 0,50 \u20ac<\/span><\/h3>   <a class=\"button upper y-move color2 white-text\" href=\"https:\/\/mahlzeitendienst-bo.de\/wp-content\/uploads\/2023\/06\/Kundenformular-Brot_Broetchen.pdf\" data-default=\"color1\" data-featured=\"color2\" target=\"lightbox\" data-cp-link=\"1\" data-icon=\"\" rel=\"noopener\">Jetzt bestellen<\/a><img  decoding=\"async\" class=\"custom-image\" src=\"http:\/\/website.mahlzeitendienst-bo.de\/wp-content\/uploads\/2023\/02\/cropped-AdobeStock_58971315_Zusatzleistung.jpg\" title=\"cropped-AdobeStock_58971315_Zusatzleistung.jpg\" alt=\"\"><img  decoding=\"async\" class=\"custom-image\" src=\"https:\/\/mahlzeitendienst-bo.de\/wp-content\/uploads\/2023\/02\/cropped-AdobeStock_58971315_Zusatzleistung.jpg\" title=\"Brot und anderes Geb\u00e4ck\" alt=\"\"><\/div> <\/div> <div  class=\"col-xs-12 col-sm-6 text-center pricing-featured col-md-6 \"> <div  class=\"card rounded shadow-large\" data-default=\"shadow-small\" data-featured=\"shadow-large\" data-type=\"column\"> <h3  class=\"font-300 upper\"><span  style=\"font-family: &quot;Open Sans&quot;, arial, helvetica, sans-serif;\">Kuchen<\/span><\/h3> <h3  class=\"h1\"><span  style=\"font-family: &quot;Open Sans&quot;, arial, helvetica, sans-serif;\">ab 2,50 \u20ac<\/span><\/h3>   <a class=\"button upper y-move color2\" href=\"https:\/\/mahlzeitendienst-bo.de\/wp-content\/uploads\/2023\/06\/Kundenformular-Kuchen.pdf\" data-default=\"color1\" data-featured=\"color2\" target=\"lightbox\" data-cp-link=\"1\" data-icon=\"\" rel=\"noopener\">Jetzt bestellen<\/a><img  decoding=\"async\" class=\"custom-image\" src=\"http:\/\/website.mahlzeitendienst-bo.de\/wp-content\/uploads\/2023\/02\/cropped-AdobeStock_164860829_Start-1.jpg\" title=\"cropped-AdobeStock_164860829_Start-1.jpg\" alt=\"\"><img  decoding=\"async\" class=\"custom-image\" src=\"https:\/\/mahlzeitendienst-bo.de\/wp-content\/uploads\/2023\/02\/cropped-AdobeStock_164860829_Start-1.jpg\" title=\"Blaubeerkuchen\" alt=\"\"><\/div> <\/div>  <\/div> <\/div><\/div>","protected":false},"excerpt":{"rendered":"<p>Gutes Brot wird aus guten Rohstoffen hergestellt. Aus diesem Grund haben wir uns dazu entschlossen, gemeinsam mit der B\u00e4ckerei\/Konditorei Wickenburg, einem traditionellen Familienbetrieb aus Bochum, zusammenzuarbeiten. Sie haben die M\u00f6glichkeit, t\u00e4glich zu Ihrer Men\u00fclieferung, frische Backwaren wie Brot, Br\u00f6tchen oder Kuchen zu bestellen. Unsere Men\u00fcboten \u00fcberreichen Ihnen gerne ein Bestellformular. Brot &amp; Br\u00f6tchen ab 0,50&hellip; <br \/> <a class=\"read-more\" href=\"https:\/\/mahlzeitendienst-bo.de\/mahlzeitendienst\/zusatzleistungen\/\">Weiterlesen<\/a><\/p>\n","protected":false},"author":1,"featured_media":0,"parent":0,"menu_order":0,"comment_status":"closed","ping_status":"closed","template":"pro\/page-templates\/full-width-page.php","meta":{"footnotes":""},"class_list":["post-41","page","type-page","status-publish","hentry"],"yoast_head":"<!-- This site is optimized with the Yoast SEO plugin v25.5 - https:\/\/yoast.com\/wordpress\/plugins\/seo\/ -->\n<title>Zusatzleistungen - menueService Bochum - Essen auf R\u00e4dern -<\/title>\n<meta name=\"robots\" content=\"index, follow, max-snippet:-1, max-image-preview:large, max-video-preview:-1\" \/>\n<link rel=\"canonical\" href=\"https:\/\/mahlzeitendienst-bo.de\/mahlzeitendienst\/zusatzleistungen\/\" \/>\n<meta property=\"og:locale\" content=\"de_DE\" \/>\n<meta property=\"og:type\" content=\"article\" \/>\n<meta property=\"og:title\" content=\"Zusatzleistungen - menueService Bochum - Essen auf R\u00e4dern -\" \/>\n<meta property=\"og:description\" content=\"Gutes Brot wird aus guten Rohstoffen hergestellt. Aus diesem Grund haben wir uns dazu entschlossen, gemeinsam mit der B\u00e4ckerei\/Konditorei Wickenburg, einem traditionellen Familienbetrieb aus Bochum, zusammenzuarbeiten. Sie haben die M\u00f6glichkeit, t\u00e4glich zu Ihrer Men\u00fclieferung, frische Backwaren wie Brot, Br\u00f6tchen oder Kuchen zu bestellen. Unsere Men\u00fcboten \u00fcberreichen Ihnen gerne ein Bestellformular. Brot &amp; Br\u00f6tchen ab 0,50&hellip; Weiterlesen\" \/>\n<meta property=\"og:url\" content=\"https:\/\/mahlzeitendienst-bo.de\/mahlzeitendienst\/zusatzleistungen\/\" \/>\n<meta property=\"og:site_name\" content=\"menueService Bochum - Essen auf R\u00e4dern -\" \/>\n<meta property=\"article:modified_time\" content=\"2024-06-20T15:28:03+00:00\" \/>\n<meta property=\"og:image\" content=\"http:\/\/website.mahlzeitendienst-bo.de\/wp-content\/uploads\/2023\/02\/cropped-AdobeStock_58971315_Zusatzleistung.jpg\" \/>\n<meta name=\"twitter:card\" content=\"summary_large_image\" \/>\n<script type=\"application\/ld+json\" class=\"yoast-schema-graph\">{\"@context\":\"https:\/\/schema.org\",\"@graph\":[{\"@type\":\"WebPage\",\"@id\":\"https:\/\/mahlzeitendienst-bo.de\/mahlzeitendienst\/zusatzleistungen\/\",\"url\":\"https:\/\/mahlzeitendienst-bo.de\/mahlzeitendienst\/zusatzleistungen\/\",\"name\":\"Zusatzleistungen - menueService Bochum - Essen auf R\u00e4dern -\",\"isPartOf\":{\"@id\":\"https:\/\/mahlzeitendienst-bo.de\/mahlzeitendienst\/#website\"},\"primaryImageOfPage\":{\"@id\":\"https:\/\/mahlzeitendienst-bo.de\/mahlzeitendienst\/zusatzleistungen\/#primaryimage\"},\"image\":{\"@id\":\"https:\/\/mahlzeitendienst-bo.de\/mahlzeitendienst\/zusatzleistungen\/#primaryimage\"},\"thumbnailUrl\":\"http:\/\/website.mahlzeitendienst-bo.de\/wp-content\/uploads\/2023\/02\/cropped-AdobeStock_58971315_Zusatzleistung.jpg\",\"datePublished\":\"2022-07-09T13:39:56+00:00\",\"dateModified\":\"2024-06-20T15:28:03+00:00\",\"breadcrumb\":{\"@id\":\"https:\/\/mahlzeitendienst-bo.de\/mahlzeitendienst\/zusatzleistungen\/#breadcrumb\"},\"inLanguage\":\"de\",\"potentialAction\":[{\"@type\":\"ReadAction\",\"target\":[\"https:\/\/mahlzeitendienst-bo.de\/mahlzeitendienst\/zusatzleistungen\/\"]}]},{\"@type\":\"ImageObject\",\"inLanguage\":\"de\",\"@id\":\"https:\/\/mahlzeitendienst-bo.de\/mahlzeitendienst\/zusatzleistungen\/#primaryimage\",\"url\":\"http:\/\/website.mahlzeitendienst-bo.de\/wp-content\/uploads\/2023\/02\/cropped-AdobeStock_58971315_Zusatzleistung.jpg\",\"contentUrl\":\"http:\/\/website.mahlzeitendienst-bo.de\/wp-content\/uploads\/2023\/02\/cropped-AdobeStock_58971315_Zusatzleistung.jpg\"},{\"@type\":\"BreadcrumbList\",\"@id\":\"https:\/\/mahlzeitendienst-bo.de\/mahlzeitendienst\/zusatzleistungen\/#breadcrumb\",\"itemListElement\":[{\"@type\":\"ListItem\",\"position\":1,\"name\":\"Startseite\",\"item\":\"https:\/\/mahlzeitendienst-bo.de\/mahlzeitendienst\/\"},{\"@type\":\"ListItem\",\"position\":2,\"name\":\"Zusatzleistungen\"}]},{\"@type\":\"WebSite\",\"@id\":\"https:\/\/mahlzeitendienst-bo.de\/mahlzeitendienst\/#website\",\"url\":\"https:\/\/mahlzeitendienst-bo.de\/mahlzeitendienst\/\",\"name\":\"menueService Bochum - Essen auf R\u00e4dern -\",\"description\":\"\",\"publisher\":{\"@id\":\"https:\/\/mahlzeitendienst-bo.de\/mahlzeitendienst\/#organization\"},\"potentialAction\":[{\"@type\":\"SearchAction\",\"target\":{\"@type\":\"EntryPoint\",\"urlTemplate\":\"https:\/\/mahlzeitendienst-bo.de\/mahlzeitendienst\/?s={search_term_string}\"},\"query-input\":{\"@type\":\"PropertyValueSpecification\",\"valueRequired\":true,\"valueName\":\"search_term_string\"}}],\"inLanguage\":\"de\"},{\"@type\":\"Organization\",\"@id\":\"https:\/\/mahlzeitendienst-bo.de\/mahlzeitendienst\/#organization\",\"name\":\"menueService Bochum - Essen auf R\u00e4dern -\",\"url\":\"https:\/\/mahlzeitendienst-bo.de\/mahlzeitendienst\/\",\"logo\":{\"@type\":\"ImageObject\",\"inLanguage\":\"de\",\"@id\":\"https:\/\/mahlzeitendienst-bo.de\/mahlzeitendienst\/#\/schema\/logo\/image\/\",\"url\":\"https:\/\/mahlzeitendienst-bo.de\/wp-content\/uploads\/2026\/01\/cropped-Website-Logo-EAR-1.png\",\"contentUrl\":\"https:\/\/mahlzeitendienst-bo.de\/wp-content\/uploads\/2026\/01\/cropped-Website-Logo-EAR-1.png\",\"width\":600,\"height\":514,\"caption\":\"menueService Bochum - Essen auf R\u00e4dern -\"},\"image\":{\"@id\":\"https:\/\/mahlzeitendienst-bo.de\/mahlzeitendienst\/#\/schema\/logo\/image\/\"}}]}<\/script>\n<!-- \/ Yoast SEO plugin. -->","yoast_head_json":{"title":"Zusatzleistungen - menueService Bochum - Essen auf R\u00e4dern -","robots":{"index":"index","follow":"follow","max-snippet":"max-snippet:-1","max-image-preview":"max-image-preview:large","max-video-preview":"max-video-preview:-1"},"canonical":"https:\/\/mahlzeitendienst-bo.de\/mahlzeitendienst\/zusatzleistungen\/","og_locale":"de_DE","og_type":"article","og_title":"Zusatzleistungen - menueService Bochum - Essen auf R\u00e4dern -","og_description":"Gutes Brot wird aus guten Rohstoffen hergestellt. Aus diesem Grund haben wir uns dazu entschlossen, gemeinsam mit der B\u00e4ckerei\/Konditorei Wickenburg, einem traditionellen Familienbetrieb aus Bochum, zusammenzuarbeiten. Sie haben die M\u00f6glichkeit, t\u00e4glich zu Ihrer Men\u00fclieferung, frische Backwaren wie Brot, Br\u00f6tchen oder Kuchen zu bestellen. Unsere Men\u00fcboten \u00fcberreichen Ihnen gerne ein Bestellformular. Brot &amp; Br\u00f6tchen ab 0,50&hellip; Weiterlesen","og_url":"https:\/\/mahlzeitendienst-bo.de\/mahlzeitendienst\/zusatzleistungen\/","og_site_name":"menueService Bochum - Essen auf R\u00e4dern -","article_modified_time":"2024-06-20T15:28:03+00:00","og_image":[{"url":"http:\/\/website.mahlzeitendienst-bo.de\/wp-content\/uploads\/2023\/02\/cropped-AdobeStock_58971315_Zusatzleistung.jpg","type":"","width":"","height":""}],"twitter_card":"summary_large_image","schema":{"@context":"https:\/\/schema.org","@graph":[{"@type":"WebPage","@id":"https:\/\/mahlzeitendienst-bo.de\/mahlzeitendienst\/zusatzleistungen\/","url":"https:\/\/mahlzeitendienst-bo.de\/mahlzeitendienst\/zusatzleistungen\/","name":"Zusatzleistungen - menueService Bochum - Essen auf R\u00e4dern -","isPartOf":{"@id":"https:\/\/mahlzeitendienst-bo.de\/mahlzeitendienst\/#website"},"primaryImageOfPage":{"@id":"https:\/\/mahlzeitendienst-bo.de\/mahlzeitendienst\/zusatzleistungen\/#primaryimage"},"image":{"@id":"https:\/\/mahlzeitendienst-bo.de\/mahlzeitendienst\/zusatzleistungen\/#primaryimage"},"thumbnailUrl":"http:\/\/website.mahlzeitendienst-bo.de\/wp-content\/uploads\/2023\/02\/cropped-AdobeStock_58971315_Zusatzleistung.jpg","datePublished":"2022-07-09T13:39:56+00:00","dateModified":"2024-06-20T15:28:03+00:00","breadcrumb":{"@id":"https:\/\/mahlzeitendienst-bo.de\/mahlzeitendienst\/zusatzleistungen\/#breadcrumb"},"inLanguage":"de","potentialAction":[{"@type":"ReadAction","target":["https:\/\/mahlzeitendienst-bo.de\/mahlzeitendienst\/zusatzleistungen\/"]}]},{"@type":"ImageObject","inLanguage":"de","@id":"https:\/\/mahlzeitendienst-bo.de\/mahlzeitendienst\/zusatzleistungen\/#primaryimage","url":"http:\/\/website.mahlzeitendienst-bo.de\/wp-content\/uploads\/2023\/02\/cropped-AdobeStock_58971315_Zusatzleistung.jpg","contentUrl":"http:\/\/website.mahlzeitendienst-bo.de\/wp-content\/uploads\/2023\/02\/cropped-AdobeStock_58971315_Zusatzleistung.jpg"},{"@type":"BreadcrumbList","@id":"https:\/\/mahlzeitendienst-bo.de\/mahlzeitendienst\/zusatzleistungen\/#breadcrumb","itemListElement":[{"@type":"ListItem","position":1,"name":"Startseite","item":"https:\/\/mahlzeitendienst-bo.de\/mahlzeitendienst\/"},{"@type":"ListItem","position":2,"name":"Zusatzleistungen"}]},{"@type":"WebSite","@id":"https:\/\/mahlzeitendienst-bo.de\/mahlzeitendienst\/#website","url":"https:\/\/mahlzeitendienst-bo.de\/mahlzeitendienst\/","name":"menueService Bochum - Essen auf R\u00e4dern -","description":"","publisher":{"@id":"https:\/\/mahlzeitendienst-bo.de\/mahlzeitendienst\/#organization"},"potentialAction":[{"@type":"SearchAction","target":{"@type":"EntryPoint","urlTemplate":"https:\/\/mahlzeitendienst-bo.de\/mahlzeitendienst\/?s={search_term_string}"},"query-input":{"@type":"PropertyValueSpecification","valueRequired":true,"valueName":"search_term_string"}}],"inLanguage":"de"},{"@type":"Organization","@id":"https:\/\/mahlzeitendienst-bo.de\/mahlzeitendienst\/#organization","name":"menueService Bochum - Essen auf R\u00e4dern -","url":"https:\/\/mahlzeitendienst-bo.de\/mahlzeitendienst\/","logo":{"@type":"ImageObject","inLanguage":"de","@id":"https:\/\/mahlzeitendienst-bo.de\/mahlzeitendienst\/#\/schema\/logo\/image\/","url":"https:\/\/mahlzeitendienst-bo.de\/wp-content\/uploads\/2026\/01\/cropped-Website-Logo-EAR-1.png","contentUrl":"https:\/\/mahlzeitendienst-bo.de\/wp-content\/uploads\/2026\/01\/cropped-Website-Logo-EAR-1.png","width":600,"height":514,"caption":"menueService Bochum - Essen auf R\u00e4dern -"},"image":{"@id":"https:\/\/mahlzeitendienst-bo.de\/mahlzeitendienst\/#\/schema\/logo\/image\/"}}]}},"_links":{"self":[{"href":"https:\/\/mahlzeitendienst-bo.de\/mahlzeitendienst\/wp-json\/wp\/v2\/pages\/41","targetHints":{"allow":["GET"]}}],"collection":[{"href":"https:\/\/mahlzeitendienst-bo.de\/mahlzeitendienst\/wp-json\/wp\/v2\/pages"}],"about":[{"href":"https:\/\/mahlzeitendienst-bo.de\/mahlzeitendienst\/wp-json\/wp\/v2\/types\/page"}],"author":[{"embeddable":true,"href":"https:\/\/mahlzeitendienst-bo.de\/mahlzeitendienst\/wp-json\/wp\/v2\/users\/1"}],"replies":[{"embeddable":true,"href":"https:\/\/mahlzeitendienst-bo.de\/mahlzeitendienst\/wp-json\/wp\/v2\/comments?post=41"}],"version-history":[{"count":62,"href":"https:\/\/mahlzeitendienst-bo.de\/mahlzeitendienst\/wp-json\/wp\/v2\/pages\/41\/revisions"}],"predecessor-version":[{"id":1286,"href":"https:\/\/mahlzeitendienst-bo.de\/mahlzeitendienst\/wp-json\/wp\/v2\/pages\/41\/revisions\/1286"}],"wp:attachment":[{"href":"https:\/\/mahlzeitendienst-bo.de\/mahlzeitendienst\/wp-json\/wp\/v2\/media?parent=41"}],"curies":[{"name":"wp","href":"https:\/\/api.w.org\/{rel}","templated":true}]}}